-10*s**2 - 1386*s - 2751. Give v(-2).
-19
Let d(q) = 14972*q - 21514761. Determine d(1437).
3
Let m(k) = -2286*k - 495871. Give m(-217).
191
Let p(h) = -h**3 + 59*h**2 + 22*h - 1301. Give p(59).
-3
Let p(f) = -2*f**3 + 1759*f**2 + 7966*f - 8808. What is p(884)?
32
Let u(n) = -1317*n + 6921. What is u(5)?
336
Let l(q) = 431*q - 4969. What is l(12)?
203
Let w(v) = v**2 + 1049*v - 74218. Determine w(66).
-628
Let z(h) = -3195*h - 332278. What is z(-104)?
2
Let o(x) = 30*x**3 + x**2 + 28*x - 54. Calculate o(2).
246
Let p(b) = -8*b**2 - 6634*b + 19938. Give p(3).
-36
Let s(d) = -35*d**2 - 769*d - 802. Give s(-21).
-88
Let f(k) = -4*k**3 + 518*k**2 - 5633*k - 121. Calculate f(12).
-37
Let i(b) = -1125*b + 226123. Calculate i(201).
-2
Let w(c) = c**2 + 371*c + 27232. Determine w(-100).
132
Let u(x) = -31013*x**2 - 217086*x + 41. Determine u(-7).
6
Let v(u) = 8*u**2 - 62*u - 663. Determine v(-9).
543
Let v(d) = d**3 - 82*d**2 + 970*d - 1124. Give v(68).
100
Let u(s) = 3*s**2 - 1300*s - 1. What is u(0)?
-1
Let j(d) = -2*d**3 - 213*d**2 - 234*d - 13580. Give j(-106).
-12
Let y(i) = -i**3 + 535*i**2 - 22916*i - 9727. What is y(488)?
33
Let d(m) = 198*m**2 + 48118*m + 980. Give d(-243).
8
Let t(a) = -8326*a - 49890. Calculate t(-6).
66
Let o(u) = u**2 + 609*u - 1469. What is o(-611)?
-247
Let x(d) = 10*d**3 + 3*d**2 + 22*d + 34. Give x(6).
2434
Let v(b) = b**3 - 244*b**2 + 1448*b - 75. Determine v(6).
45
Let i(t) = 96*t**2 - 2044*t + 10179. Calculate i(8).
-29
Let o(t) = 263016*t - 1578063. Calculate o(6).
33
Let k(o) = -4*o**3 - 1545*o**2 - 3456*o - 13. Give k(-384).
-13
Let g(d) = 13006*d - 1326617. What is g(102)?
-5
Let b(p) = p**3 + 50*p**2 + 484*p - 245. Give b(-13).
-284
Let v(u) = u**2 - 5228*u + 124768. Determine v(24).
-128
Let y(l) = -905922*l + 14494759. Give y(16).
7
Let h(f) = -f**2 + 7362*f + 318426. Determine h(-43).
11
Let f(m) = m**3 - 176*m**2 - 3364*m - 14381. Calculate f(-11).
-4
Let k(n) = -n**2 - 176*n - 6129. Give k(-51).
246
Let y(s) = -27*s**2 - 47*s - 14. What is y(-1)?
6
Let b(c) = 20*c**2 - 5726*c - 35061. Give b(-6).
15
Let n(b) = b**3 - 23*b**2 + 242*b - 6819. Determine n(25).
481
Let m(j) = 973*j - 40560. Determine m(41).
-667
Let m(h) = 47602*h + 47575. Calculate m(-1).
-27
Let q(m) = 5*m**3 + 8*m**2 - 5699*m - 5700. Give q(-1).
2
Let g(c) = -4*c**3 + 71*c**2 - 204*c - 97. What is g(15)?
-682
Let r(n) = -7753*n + 364370. Calculate r(47).
-21
Let x(u) = -30*u**2 + 15443*u + 3607. What is x(515)?
2
Let f(h) = -198*h**2 + 41971*h + 701. What is f(212)?
-359
Let m(q) = 7*q**3 - 2473*q**2 + 1930*q - 432070. What is m(353)?
2
Let b(s) = -2065*s + 25975. Determine b(13).
-870
Let a(k) = k**3 + 18*k**2 - 5537*k - 455. What is a(66)?
7
Let p(w) = 8404*w + 6143313. Calculate p(-731).
-11
Let j(x) = -2*x**2 + 395*x - 18736. Give j(74).
-458
Let b(v) = -v**3 - 3*v**2 + 3913*v + 68571. Determine b(-19).
0
Let w(i) = 14*i**2 - 5796*i - 23266. What is w(-4)?
142
Let b(d) = -1542*d + 15429. Give b(10).
9
Let s(p) = -12*p**2 - 689*p - 108. Give s(-60).
-1968
Let d(v) = -55*v - 6481. Determine d(-86).
-1751
Let f(w) = -13*w**2 + 1864*w - 718. What is f(143)?
-3
Let z(u) = -u**3 - 18*u**2 + 164*u + 2496. Give z(-26).
3640
Let v(o) = 2*o**3 + 298*o**2 + 2*o + 79. Give v(-149).
-219
Let j(i) = -7*i**3 - 851*i**2 - 419*i + 7872. What is j(-121)?
7
Let v(i) = 3449*i + 103461. Give v(-30).
-9
Let m(h) = 16810*h + 100463. Calculate m(-6).
-397
Let q(w) = -3*w**3 + 19*w**2 + 28*w - 294. Calculate q(4).
-70
Let z(q) = 7335*q + 264026. Calculate z(-36).
-34
Let t(h) = 5721*h + 28578. Calculate t(-5).
-27
Let f(t) = 1157*t - 69060. What is f(60)?
360
Let v(r) = r**2 - 199*r + 8198. Calculate v(58).
20
Let b(s) = -12*s**2 - 1195*s + 464. Calculate b(-100).
-36
Let t(h) = 1177*h**2 - 8372*h - 8. Determine t(7).
-939
Let b(h) = -h**3 - 246*h - 94. What is b(0)?
-94
Let g(t) = -362*t + 6830. Calculate g(19).
-48
Let f(o) = -17*o**3 - 9*o**2 + 12*o + 50. Give f(-4).
946
Let l(j) = -4449*j + 55990. What is l(13)?
-1847
Let k(n) = -n**3 + 3*n**2 - 201*n - 1472. Determine k(-6).
58
Let d(b) = 4*b**2 + 139*b - 626. Determine d(-35).
-591
Let h(g) = 102*g + 6162. Determine h(-60).
42
Let j(t) = -2053822*t - 4107654. What is j(-2)?
-10
Let b(c) = c**2 + 430*c - 24540. What is b(51)?
-9
Let l(y) = 82*y**2 - 18290*y + 899. Determine l(223).
7
Let t(s) = -1265*s - 3621. Determine t(-3).
174
Let b(x) = x**3 + 37*x**2 + 140*x + 21. Determine b(-4).
-11
Let l(c) = 2*c**2 + 270*c - 10910. Give l(-168).
178
Let r(z) = 24*z**2 + 102*z - 34. Calculate r(-4).
-58
Let f(d) = -1458*d + 33531. Determine f(21).
2913
Let x(n) = -165*n**2 - 54*n - 95. Give x(-3).
-1418
Let n(z) = -z**3 + 4*z**2 - 169*z + 10. What is n(0)?
10
Let m(g) = -4*g**3 - 32*g**2 + 733*g + 240. Calculate m(-18).
6
Let f(j) = -3561*j + 224340. Determine f(63).
-3
Let k(t) = 136*t**3 - 125*t**2 - 124*t + 1. What is k(-1)?
-136
Let g(p) = 3230*p + 255171. Give g(-79).
1
Let p(d) = 18796*d + 10337786. What is p(-550)?
-14
Let m(z) = 90176*z + 180346. What is m(-2)?
-6
Let k(p) = -749*p - 56159. Determine k(-75).
16
Let c(f) = f**2 - 4263*f - 38458. Give c(-9).
-10
Let q(l) = 38865*l + 621865. Give q(-16).
25
Let z(b) = -262*b + 11123. What is z(44)?
-405
Let j(u) = -55*u**2 + 39261*u + 6439. What is j(714)?
13
Let a(i) = -2*i**2 - 603*i - 2852. Determine a(-5).
113
Let v(p) = -85*p + 14374. Give v(169).
9
Let k(o) = -o**3 - 25*o**2 - 2069*o - 54345. What is k(-26)?
125
Let t(h) = 93*h - 50524. What is t(543)?
-25
Let s(u) = 126*u**2 - 620*u - 34. What is s(5)?
16
Let a(p) = -21926*p + 1140137. Determine a(52).
-15
Let c(q) = 3*q**2 + 188*q - 1910. Calculate c(9).
25
Let i(m) = 10413*m + 114536. Calculate i(-11).
-7
Let a(y) = -32*y**2 + 18660*y + 37440. Calculate a(-2).
-8
Let z(g) = -g**2 + 541*g + 21232. Calculate z(-37).
-154
Let q(u) = 210650*u - 1895849. Determine q(9).
1
Let n(j) = j**2 - 1560*j + 137. Give n(0).
137
Let b(h) = 33*h**2 + h - 108. Calculate b(-5).
712
Let w(d) = -2*d**2 + 151*d + 5888. What is w(104)?
-40
Let z(q) = 373*q**2 - 1536*q + 67. What is z(4)?
-109
Let c(g) = g**3 - 32*g**2 - 210*g + 4737. Give c(34).
-91
Let p(v) = -3*v**3 + 20*v**2 + 13*v - 56. Give p(0).
-56
Let j(a) = -a**3 - 385*a**2 + 13769*a - 10448. Calculate j(-418).
2
Let t(v) = -v**3 + 24*v**2 - 2*v - 107. Give t(24).
-155
Let b(n) = -6*n**3 + 4515*n**2 + 2258*n + 751. Determine b(753).
-2
Let j(h) = 2*h**2 + 147*h - 253266. What is j(321)?
3
Let h(q) = -333*q**2 - 13308*q + 718. What is h(-40)?
238
Let g(n) = 2*n**3 + 165*n**2 + 229*n - 1237. Determine g(-81).
-103
Let i(g) = -3*g**2 + 121846*g + 243677. Calculate i(-2).
-27
Let k(j) = j**2 + 196*j - 7274. What is k(-228)?
22
Let d(h) = 10050*h + 502493. Calculate d(-50).
-7
Let f(p) = 153*p**2 - 2077*p - 889. Calculate f(14).
21
Let i(q) = 2697*q - 20589. What is i(6)?
-4407
Let m(g) = 508*g - 124593. Determine m(245).
-133
Let a(z) = -z**2 + 1804*z + 49288. What is a(-27)?
-149
Let g(l) = -391*l + 1155. Calculate g(11).
-3146
Let d(k) = 9173*k + 4825002. Give d(-526).
4
Let m(h) = -h**3 + 25*h**2 - 284*h + 2486. Calculate m(15).
476
Let u(x) = -x**2 + 23066*x - 2227992. Determine u(97).
1
Let h(m) = m**3 + 19*m**2 + 116*m + 1468. Give h(-19).
-736
Let o(v) = 5*v**3 + 16*v**2 + 99*v + 460. Determine o(-4).
0
Let g(f) = 26*f**2 - 393*f + 992. Determine g(12).
20
Let q(i) = -17*i + 942. Give q(80).
-418
Let t(a) = 5*a**2 - 1442*a - 7438. Determine t(-5).
-103
Let d(s) = 12*s**3 + 142*s**2 - 15*s - 36. Calculate d(-11).
1339
Let l(r) = r**3 + 12*r**2 - 61082*r - 732961. What is l(-12)?
23
Let a(v) = v**3 - 10*v**2 - 58*v - 272. What is a(11)?
-789
Let g(o) = -2*o**2 - 2370*o + 21408. Calculate g(9).
-84
Let h(t) = -t**3 - 70*t**2 - 790*t - 55248. Give h(-70).
52
Let s(x) = -289515*x - 579043. What is s(-2)?
-13
Let t(r) = 6105*r + 164821. What is t(-27)?
-14
Let g(n) = 14825*n - 192712. Determine g(13).
13
Let p(n) = -n**2 + 3987*n + 480181. Determine p(-117).
13
Let b(i) = 54*i**3 - 95*i**2 - 51*i + 71. Give b(2).
21
Let m(s) = -s**3 - 14*s**2 - 7142*s - 85460. What is m(-12)?
-44
Let d(u) = -u**2 - 394*u - 13781. Give d(-355).
64
Let p(o) = -87307*o + 436667. What is p(5)?
132
Let t(r) = -3*r**2 - 156*r + 683. What is t(4)?
11
Let h(k) = -k**2 + 60*k - 863. Cal